e?
False
Is 5213 a composite number?
True
Is 515 a prime number?
False
Is 5089 prime?
False
Is 23251 a composite number?
False
Is 83621 a prime number?
True
Is 73846 prime?
False
Is 22757 composite?
True
Is 4522027 composite?
False
Is 80653 a prime number?
False
Is 6229 a composite number?
False
Is 18181 a prime number?
True
Is 289871 composite?
False
Is 189227 composite?
True
Is 25561 a prime number?
True
Is 23191 a prime number?
False
Is 578953 a composite number?
True
Is 365 a composite number?
True
Is 3457 a prime number?
True
Is 5815 a composite number?
True
Is 500191 composite?
True
Is 418837 a prime number?
True
Is 85691 a prime number?
True
Is 991 composite?
False
Is 1719109 a composite number?
True
Is 185593 a prime number?
True
Is 399653 a composite number?
True
Is 42061 a composite number?
False
Is 7613 a composite number?
True
Is 38867 composite?
False
Is 43391 composite?
False
Is 995 a prime number?
False
Is 4573 composite?
True
Is 1051499 composite?
False
Is 2179 composite?
False
Is 91033 a prime number?
True
Is 202273 prime?
False
Is 921883 a composite number?
True
Is 9838 a composite number?
True
Is 2437 prime?
True
Is 147083 a prime number?
True
Is 131431 prime?
True
Is 89779 a composite number?
False
Is 274642 a prime number?
False
Is 967 a prime number?
True
Is 6295 a prime number?
False
Is 299671 prime?
True
Is 2231 composite?
True
Is 707851 a prime number?
False
Is 4595 composite?
True
Is 16739 a prime number?
False
Is 42109 composite?
True
Is 195587 prime?
False
Is 23393 composite?
True
Is 355 composite?
True
Is 514798 composite?
True
Is 384349 prime?
False
Is 503 composite?
False
Is 275263 prime?
True
Is 244597 composite?
False
Is 71339 prime?
True
Is 31 a prime number?
True
Is 225059 a composite number?
True
Is 288421 a composite number?
True
Is 211831 a composite number?
True
Is 3139 composite?
True
Is 111157 a prime number?
False
Is 12335 a prime number?
False
Is 33265 a prime number?
False
Is 557 a prime number?
True
Is 1039 a composite number?
False
Is 99949 a prime number?
False
Is 213713 a composite number?
False
Is 4173023 composite?
False
Is 293 a composite number?
False
Is 11777 composite?
False
Is 2067781 a composite number?
False
Is 5953 a composite number?
False
Is 11351 composite?
False
Is 59497 a composite number?
False
Is 633 a prime number?
False
Is 23251 prime?
True
Is 8923 composite?
False
Is 25621 a composite number?
False
Is 10993 a prime number?
True
Is 311603 composite?
False
Is 25423 a prime number?
True
Is 251 a prime number?
True
Is 261959 composite?
False
Is 16057 a composite number?
False
Is 99761 prime?
True
Is 21103 a prime number?
False
Is 9091 prime?
True
Is 39163 composite?
False
Is 121567 a prime number?
False
Is 19661 a prime number?
True
Is 513829 composite?
False
Is 203457 a composite number?
True
Is 143387 a prime number?
True
Is 145931 a prime number?
True
Is 8501 a prime number?
True
Is 55285 a composite number?
True
Is 554311 a prime number?
False
Is 55859 prime?
False
Is 319427 prime?
True
Is 9227 prime?
True
Is 1874 a prime number?
False
Is 658397 prime?
False
Is 149843 a prime number?
False
Is 1399 composite?
False
Is 65677 composite?
False
Is 1637 a prime number?
True
Is 9305 composite?
True
Is 122833 composite?
False
Is 38039 composite?
False
Is 82529 a prime number?
True
Is 206341 a composite number?
False
Is 193841 composite?
False
Is 9517 a composite number?
True
Is 529742 a prime number?
False
Is 6767 composite?
True
Is 131618 a composite number?
True
Is 5299 a prime number?
False
Is 491 a prime number?
True
Is 9901 prime?
True
Is 991459 a composite number?
True
Is 66169 a prime number?
True
Is 610019 a prime number?
False
Is 53231 composite?
False
Is 38963 a composite number?
True
Is 379 prime?
True
Is 20635 a composite number?
True
Is 3863 a prime number?
True
Is 47105 a composite number?
True
Is 12889 prime?
True
Is 218071 a prime number?
False
Is 832837 prime?
True
Is 255639 composite?
True
Is 176234 prime?
False
Is 26063 composite?
True
Is 16447 composite?
False
Is 14741 a composite number?
False
Is 940421 composite?
False
Is 427943 prime?
False
Is 113417 a prime number?
True
Is 3163 a composite number?
False
Is 2813 a prime number?
False
Is 8871 prime?
False
Is 620959 a prime number?
False
Is 1607498 prime?
False
Is 334337 a composite number?
True
Is 113345 a prime number?
False
Is 8501 prime?
True
Is 378919 prime?
True
Is 1550819 prime?
True
Is 52951 a composite number?
False
Is 69413 prime?
False
Is 2563 prime?
False
Is 29789 composite?
False
Is 584479 a composite number?
True
Is 60119 composite?
True
Is 412267 composite?
True
Is 5039 a prime number?
True
Is 52879 prime?
True
Is 251849 a composite number?
True
Is 324889 a composite number?
False
Is 824339 composite?
False
Is 608269 composite?
False
Is 29287 a prime number?
True
Is 388853 a composite number?
True
Is 1409 prime?
True
Is 452159 a composite number?
False
Is 41579 composite?
False
Is 2038 composite?
True
Is 90443 composite?
True
Is 1055 a prime number?
False
Is 3259 composite?
False
Is 27041 prime?
False
Is 182453 a composite number?
False
Is 47371 prime?
False
Is 26903 prime?
True
Is 90313 prime?
True
Is 15727 a composite number?
False
Is 314551 a prime number?
False
Is 15107 composite?
False
Is 95701 a composite number?
False
Is 207643 prime?
True
Is 47129 prime?
True
Is 1559219 a prime number?
False
Is 2047 composite?
True
Is 20441 prime?
True
Is 22429 a composite number?
True
Is 43291 a composite number?
False
Is 19373 a prime number?
True
Is 83471 composite?
False
Is 1279 a composite number?
False
Is 5051 composite?
False
Is 200773 composite?
True
Is 4063 prime?
False
Is 33703 a prime number?
True
Is 65921 prime?
True
Is 6113 a prime number?
True
Is 493 composite?
True
Is 62431 a composite number?
True
Is 196611 prime?
False
Is 173177 a composite number?
False
Is 3943 a composite number?
False
Is 116479 prime?
False
Is 287069 a composite number?
True
Is 4997 prime?
False
Is 4391 prime?
True
Is 37397 composite?
False
Is 123661 a composite number?
False
Is 9923 a composite number?
False
Is 90587 a prime number?
False
Is 19535 a composite number?
True
Is 69011 prime?
True
Is 40163 prime?
True
Is 423817 composite?
True
Is 2041 a composite number?
True
Is 160829 a composite number?
False
Is 23857 a prime number?
True
Is 593 composite?
False
Is 293901 a composite number?
True
Is 167487 a composite number?
True
Is 14143 composite?
False
Is 49523 prime?
True
Is 123941 prime?
True
Is 55123 composite?
True
Is 67927 prime?
True
Is 3877 composite?
False
Is 42683 prime?
True
Is 177697 a composite number?
True
Is 8081 a prime number?
True
Is 96467 prime?
False
Is 421891 a composite number?
False
Is 276657 prime?
False
Is 97979 prime?
False
Is 34547 prime?
False
Is 12283 composite?
True
Is 541 a composite number?
False
Is 3119 a prime number?
True
Is 150239 a prime number?
True
Is 3463 composite?
False
Is 3904999 prime?
False
Is 2427947 a composite number?
False
Is 32749 a prime number?
True
Is 34393 a prime number?
False
Is 13309 composite?
False
Is 144061 composite?
False
Is 1097 a composite number?
False
Is 227461 prime?
False
Is 96323 composite?
False
Is 91673 composite?
False
Is 445039 a prime number?
False
Is 37117 prime?
True
Is 328433 a prime number?
False
Is 34169 composite?
True
Is 52951 composite?
False
Is 154981 prime?
True
Is 194333 a prime number?
False
Is 768751 prime?
True
Is 88823 a composite number?
True
Is 47321 composite?
True
Is 7123 a prime number?
False
Is 826055 a prime number?
False
Is 1316759 a prime number?
False
Is 4127 composite?
False
Is 3011 a prime number?
True
Is 233939 composite?
False
Is 430711 a prime number?
False
Is 38751 composite?
True
Is 5311 composite?
True
Is 575933 a composite number?
True
Is 2563 prime?
False
Is 1490261 prime?
False
Is 1923 a composite number?
True
Is 1354391 composite?
False
Is 622837 prime?
False
Is 38543 a composite number?
False
Is 2053 a prime number?
True
Is 12539 prime?
True
Is 3629 a composite number?
True
Is 2173 prime?
False
Is 5263 a composite number?
True
Is 63299 a prime number?
True
Is 3389 prime?
True
Is 11957 a prime number?
False
Is 39659 prime?
True
Is 2318503 a prime number?
False
Is 11777 prime?
True
Is 900001 a composite numb